inder when o is divided by 48.
45
Let f = 22 - 13. Suppose -3*w = 7*i - 2*i - 15, 5 = w + 5*i. Suppose -8*d + 105 = -w*d. What is the remainder when d is divided by f?
8
Let j(y) = y**2 + 5*y + 4. Let b be j(-5). Let d = 7 - b. Calculate the remainder when 4 is divided by d.
1
Suppose 210 = -3*s + 4*p, -p + 495 = -5*s + 162. Calculate the remainder when (-4 - -4 - s) + -2 is divided by 33.
31
Suppose 8 + 0 = 4*s. Let d = -4 + s. Let m = d + 6. Calculate the remainder when 14 is divided by m.
2
Let i be 660/77 - (-4)/(-7). Let q(y) = 6*y - 40. Calculate the remainder when 11 is divided by q(i).
3
Let d be 13 - 10 - 0/1. Suppose 3*r - 102 - 33 = 5*y, -d*y - 90 = -2*r. Suppose 2*j + 3*j = 80. What is the remainder when r is divided by j?
13
Let s = -665 + 702. Calculate the remainder when 850 is divided by s.
36
Suppose 4*x - 20 + 0 = 0. Suppose 5*c - 2*t = 115, 3*c - 4*c = -x*t - 23. What is the remainder when (c/(-3))/((-8)/24) is divided by 6?
5
Let m = 220 + -188. Let n(i) = 3*i**2 + i - 6. Let w be n(-9). Suppose -4*r - q = -2*q - 253, 4*r + 4*q - w = 0. Calculate the remainder when r is divided by m.
30
Let i(o) = 2*o. Let m be i(-1). Let u be (m/6)/(6/(-72)). Suppose 0 = u*b + b - 15. What is the remainder when 8 is divided by b?
2
Let m(f) be the first derivative of -9*f - 1/4*f**4 - 15/2*f**2 - 1 - 5*f**3. What is the remainder when 8 is divided by m(-14)?
3
Let o(p) = -p**2 - 16*p - 58. Suppose -2*a + 0 = 24. Let v = a - -24. Calculate the remainder when v is divided by o(-9).
2
Let w(s) = -14*s + 10*s + 3*s. Suppose 6*q - 3*q = 9. Calculate the remainder when q is divided by w(-2).
1
Suppose s - 44 = 3*a, -3*s + 72 = 5*a - 2*a. Let t(x) = -2*x**2 - 16*x + 20. Let j be t(-6). Let q = j - s. Calculate the remainder when 27 is divided by q.
12
Let h be 1/((16/(-20))/4). Let u(w) = 2*w + 3. Let b be u(h). Let c = 12 + b. What is the remainder when 7 is divided by c?
2
Let w = 1236 - 935. Calculate the remainder when w is divided by 97.
10
Let u be (-8 + 7)*-49*1. Let n = 5 + u. Calculate the remainder when n is divided by 28.
26
Suppose 6*m - 3*d - 7 = 5*m, -5*m + 2*d = -61. What is the remainder when 48 is divided by m?
9
Suppose -2*f - 4 = -3*y - 63, -2*y = 4*f - 126. Calculate the remainder when 88 is divided by f.
26
Let i = 84 - 42. Suppose -5*a + 18 = 5*q - 47, 45 = 3*a + 5*q. Suppose -a*f + 75 = -5*f. Calculate the remainder when i is divided by f.
12
Let w = -32 - -82. Let d(q) = 8*q**2 - 4*q + 2. Calculate the remainder when w is divided by d(2).
24
Let j = 218 + -149. What is the remainder when j is divided by 14?
13
Suppose -s + x + 48 = 0, 63 - 303 = -5*s - 4*x. Calculate the remainder when 191 is divided by s.
47
Let s be (-26)/91 + (-30)/(-7). Suppose q - s*n = -1, -2*q - 3*n + 1 + 8 = 0. Suppose q*d = -0*d + 99. Calculate the remainder when d is divided by 17.
16
Let f = 6 - 1. Suppose 3*h + 2*h - 5*x = 70, 3*h - 42 = f*x. What is the remainder when h is divided by 6?
2
Let n = 164 - 107. Suppose 0 = -2*t - 4*k, 0*t + 36 = 4*t - 4*k. What is the remainder when n is divided by -6*((-21)/t - -1)?
12
Suppose 0 = -16*h + 12*h + 68. What is the remainder when 60 is divided by h?
9
Suppose -3*a + 8*o = 11*o - 303, 303 = 3*a + 2*o. What is the remainder when a is divided by 11?
2
Let f be (21 + 0)*-1*(-38)/57. Suppose -2*y + f*y = 1284. Calculate the remainder when y is divided by 22.
19
Let v be -3*1/(-3)*3. Suppose 0 = l - 4, 0*l + 52 = v*s + 4*l. What is the remainder when 58 is divided by s?
10
Let m be 1/2*-1*0. Let t be 16/2 - (m - -2). Suppose 0*y + 2*y = t. Calculate the remainder when 9 is divided by y.
0
What is the remainder when 1216 is divided by (((-4)/12 - -1)*-141)/(-2)?
41
Suppose -g + 2799 = 216. What is the remainder when g is divided by 34?
33
Let h(j) = -j**3 - 38*j**2 + 35*j - 37. What is the remainder when h(-39) is divided by 20?
19
Let s = 4 + -4. Suppose s = 12*a - 3*a - 414. Calculate the remainder when 183 is divided by a.
45
Suppose 2*v - 3*b = 445, v + 4*v + 5*b - 1050 = 0. Suppose -v = -3*p - 4*q, 4*q + 4 - 12 = 0. What is the remainder when p is divided by 18?
15
Calculate the remainder when (-32)/20 + 3 + (-798)/(-5) is divided by 30.
11
Let q(c) be the first derivative of 20/3*c**3 + 2*c + 0*c**2 - 5. What is the remainder when q(-2) is divided by 28?
26
Suppose 2*u = -0*u + 3*k + 164, -4*k = -2*u + 166. Calculate the remainder when u is divided by 1 - (-8)/(-8) - -21.
16
Suppose 2*i + 27 = 5*r, 7*i + 12 = 10*i. Calculate the remainder when 12 is divided by r.
5
Let q = 20 + 7. Suppose 26*t - 109 - 1269 = 0. What is the remainder when t is divided by q?
26
Suppose 0 = 6*v - 5*v - 3. Suppose 3*z - 75 = -2*i, -v*i + 4*z + 0*z = -138. Let k(u) = 8*u**2 + 1. What is the remainder when i is divided by k(-1)?
6
Suppose -2*g = 2*k - 24, 2*k + 4*g + 13 - 29 = 0. What is the remainder when 34 is divided by k?
2
What is the remainder when (-2)/(-2 + (-23674)/(-11844)) is divided by 113?
110
Let k = -900 + 900. Suppose -5*h + 7 = s, 8 = 5*h - 2*s - 8. Suppose -h*a + k*a = -46. Calculate the remainder when a is divided by 6.
5
Suppose -d + 4*r + 237 = 63, -d - r + 169 = 0. Calculate the remainder when d is divided by 58.
54
Let o = -1877 + 1938. Calculate the remainder when 264 is divided by o.
20
Let a(t) = 13*t**3 - t**2 - t - 1. Let f be a(2). Suppose 2*z = -f - 35. Calculate the remainder when z/(1 - -2)*-1 is divided by 12.
10
Suppose 120 = d - 2*u, u + 323 = 2*d + 98. What is the remainder when d is divided by 51?
8
Suppose 3*q = -2*z + 37, q = 4*q - 4*z - 61. Let a(f) = -2*f**3 - 16*f**2 - 2*f + 25. Calculate the remainder when a(-8) is divided by q.
11
Let i(o) = -4*o + 4. Calculate the remainder when i(-3) is divided by (-2 - 14/(-6)) + (-1105)/(-195).
4
Let i = 66 - 64. Suppose -3*w = g - 337, -i*w + 206 + 28 = -4*g. What is the remainder when w is divided by 19?
18
Let s(n) = 5*n + 305. What is the remainder when s(32) is divided by 9?
6
Let x be 3*8*(-3)/6. What is the remainder when 9 is divided by ((-16)/24)/(2/x)?
1
What is the remainder when 7/(385/4700) + 42/77 is divided by 32?
22
Suppose 0 = -5*y - 5*d + 465, 3*y - 385 = -d - 106. Let p be 146 - ((0 - 0) + -2). Let g = p - y. Calculate the remainder when g is divided by 14.
13
Suppose 3*q - 1 = -16, 52 = 3*t + q. Suppose -11*l + 275 = -6*l. What is the remainder when l is divided by t?
17
Let w(f) = 47*f - 40. Let x(a) = a + 13. Calculate the remainder when w(2) is divided by x(9).
10
Suppose -6*q - 195 = -21*q. What is the remainder when q is divided by 7?
6
Suppose -5*b = -4*h + 79, 0 = -3*h - 0*b - 3*b + 66. Let z(x) = -2*x**3 + 17*x**2 - 7*x + 53. Calculate the remainder when z(8) is divided by h.
19
What is the remainder when (-3)/(-4) + (-3402)/(-72) is divided by 12?
0
Calculate the remainder when (-3999)/(-7) - ((-1755)/(-91) - 19) is divided by 82.
79
Let i = 26 + -21. Suppose -4*b = -5*u - 7 - i, 0 = 4*u - 16. Let l = 9 + 14. What is the remainder when l is divided by b?
7
Let l = -48 - -48. Suppose l = -114*q + 116*q - 10. Suppose 3*y = -y + 52. Calculate the remainder when y is divided by q.
3
Let w = 648 + -434. What is the remainder when w is divided by 81?
52
Let m(b) = -b**3 + 14*b**2 - 3*b + 8. Let t(o) = -o**3 + 15*o**2 - 4*o + 8. Let z(c) = 4*m(c) - 3*t(c). Calculate the remainder when z(11) is divided by 8.
0
Let f = 244 + -181. What is the remainder when f is divided by 25?
13
Let l(y) = 14*y**3 - 2*y + 1. Suppose -5*s = 8*s - 13. Calculate the remainder when 152 is divided by l(s).
9
Let m(b) = 5*b**3 + 3*b**2 - b - 4. Suppose 0 = -4*z + j - 4, 3*j - 2*j = -4. Let k be m(z). Let n = -2 - k. Calculate the remainder when 82 is divided by n.
26
Suppose -4*x - 104 = -5*v, 38*v - 24 = 37*v + 4*x. Calculate the remainder when 20 is divided by v.
0
Let s = -3 - -22. Let p be (-12)/(-16) - 170/(-8). Let x = 33 + p. Calculate the remainder when x is divided by s.
17
Calculate the remainder when (10/30)/(1/1875) is divided by 57.
55
Suppose 30 + 198 = -n. Let x = n + 376. Calculate the remainder when x is divided by 30.
28
Suppose -3*h + 475 = -638. Calculate the remainder when h is divided by 27.
20
Suppose -2*k = 3*t - 1243, -12*t - 6*k + 2077 = -7*t. Calculate the remainder when t is divided by 69.
68
Let h = -145 - -186.